{"id":189,"date":"2011-03-05T12:46:13","date_gmt":"2011-03-05T11:46:13","guid":{"rendered":"https:\/\/www.kombi011.com\/WordPress\/?page_id=189"},"modified":"2025-12-31T21:50:08","modified_gmt":"2025-12-31T20:50:08","slug":"kontakt","status":"publish","type":"page","link":"https:\/\/www.kombi011.com\/blog\/kontakt\/","title":{"rendered":"Kontakt"},"content":{"rendered":"\n<h3 class=\"wp-block-heading\"><figure><img loading=\"lazy\" decoding=\"async\" class=\"kontakt-slike aligncenter wp-image-2667 size-full\" src=\"https:\/\/www.kombi011.com\/blog\/wp-content\/uploads\/2025\/02\/kombi-prevoz-robe-utovarna-rampa.webp\" alt=\"\" width=\"1280\" height=\"720\" srcset=\"https:\/\/www.kombi011.com\/blog\/wp-content\/uploads\/2025\/02\/kombi-prevoz-robe-utovarna-rampa.webp 1280w, https:\/\/www.kombi011.com\/blog\/wp-content\/uploads\/2025\/02\/kombi-prevoz-robe-utovarna-rampa-300x169.webp 300w, https:\/\/www.kombi011.com\/blog\/wp-content\/uploads\/2025\/02\/kombi-prevoz-robe-utovarna-rampa-1024x576.webp 1024w, https:\/\/www.kombi011.com\/blog\/wp-content\/uploads\/2025\/02\/kombi-prevoz-robe-utovarna-rampa-768x432.webp 768w\" sizes=\"auto, (max-width: 1280px) 100vw, 1280px\" \/><\/figure>Kombi prevoz robe i stvari, selidbe:<\/h3>\n\n\n\n<h3 class=\"wp-block-heading\"><span style=\"color: #ff0000;\">064.199.50.03&nbsp;kontakt osoba Dejan Stojiljkovi\u0107<\/span><\/h3>\n\n\n\n<div style=\"height:40px\" aria-hidden=\"true\" class=\"wp-block-spacer\"><\/div>\n\n\n\n<figure class=\"wp-block-image aligncenter kontakt-slike\"><img loading=\"lazy\" decoding=\"async\" width=\"604\" height=\"270\" src=\"https:\/\/www.kombi011.com\/blog\/wp-content\/uploads\/2011\/03\/kamion-mercedes.jpg\" alt=\"kamion-mercedes\" class=\"wp-image-2154\" srcset=\"https:\/\/www.kombi011.com\/blog\/wp-content\/uploads\/2011\/03\/kamion-mercedes.jpg 604w, https:\/\/www.kombi011.com\/blog\/wp-content\/uploads\/2011\/03\/kamion-mercedes-300x134.jpg 300w\" sizes=\"auto, (max-width: 604px) 100vw, 604px\" \/><\/figure>\n\n\n\n<h3 class=\"wp-block-heading\"><span style=\"color: #000000;\">Kamionski prevoz robe:<\/span><\/h3>\n\n\n\n<h3 class=\"wp-block-heading\"><span style=\"color: #ff0000;\">064.199.50.03&nbsp;kontakt osoba Dejan Stojiljkovi\u0107<\/span><\/h3>\n\n\n\n<div style=\"height:40px\" aria-hidden=\"true\" class=\"wp-block-spacer\"><\/div>\n\n\n\n<h3 class=\"wp-block-heading\"><figure><img loading=\"lazy\" decoding=\"async\" class=\"kontakt-slike aligncenter wp-image-2155 size-full\" src=\"https:\/\/www.kombi011.com\/blog\/wp-content\/uploads\/2011\/03\/fiat-ducato.jpg\" alt=\"fiat-ducato\" width=\"604\" height=\"270\" srcset=\"https:\/\/www.kombi011.com\/blog\/wp-content\/uploads\/2011\/03\/fiat-ducato.jpg 604w, https:\/\/www.kombi011.com\/blog\/wp-content\/uploads\/2011\/03\/fiat-ducato-300x134.jpg 300w\" sizes=\"auto, (max-width: 604px) 100vw, 604px\" \/><\/figure><\/h3>\n\n\n\n<h3 class=\"wp-block-heading\">Kombi prevoz putnika:<\/h3>\n\n\n\n<h3 class=\"wp-block-heading\"><span style=\"color: #888888;\"><span style=\"color: #ff0000;\">065.891.36.06 kontakt osoba Dejan Nakardi\u0107<\/span><br><\/span><\/h3>\n\n\n\n<div style=\"height:40px\" aria-hidden=\"true\" class=\"wp-block-spacer\"><\/div>\n\n\n\n<h3 class=\"wp-block-heading\" id=\"kontakt\">ili po\u0161aljite poruku:<\/h3>\n\n\n\n<div class=\"wpcf7 no-js\" id=\"wpcf7-f2260-o1\" lang=\"en-US\" dir=\"ltr\" data-wpcf7-id=\"2260\">\n<div class=\"screen-reader-response\"><p role=\"status\" aria-live=\"polite\" aria-atomic=\"true\"><\/p> <ul><\/ul><\/div>\n<form action=\"\/blog\/wp-json\/wp\/v2\/pages\/189#wpcf7-f2260-o1\" method=\"post\" class=\"wpcf7-form init\" aria-label=\"Contact form\" novalidate=\"novalidate\" data-status=\"init\">\n<fieldset class=\"hidden-fields-container\"><input type=\"hidden\" name=\"_wpcf7\" value=\"2260\" \/><input type=\"hidden\" name=\"_wpcf7_version\" value=\"6.1.5\" \/><input type=\"hidden\" name=\"_wpcf7_locale\" value=\"en_US\" \/><input type=\"hidden\" name=\"_wpcf7_unit_tag\" value=\"wpcf7-f2260-o1\" \/><input type=\"hidden\" name=\"_wpcf7_container_post\" value=\"0\" \/><input type=\"hidden\" name=\"_wpcf7_posted_data_hash\" value=\"\" \/><input type=\"hidden\" name=\"_wpcf7_recaptcha_response\" value=\"\" \/>\n<\/fieldset>\n<div class=\"wpcf7-response-output\" aria-hidden=\"true\"><\/div>\n<p>Ime (obavezno)\n<\/p>\n<p><span class=\"wpcf7-form-control-wrap\" data-name=\"your-name\"><input size=\"40\" maxlength=\"400\" class=\"wpcf7-form-control wpcf7-text wpcf7-validates-as-required\" aria-required=\"true\" aria-invalid=\"false\" placeholder=\"unesite ime\" value=\"\" type=\"text\" name=\"your-name\" \/><\/span>\n<\/p>\n<p>Va\u0161 e-mail (obavezno)\n<\/p>\n<p><span class=\"wpcf7-form-control-wrap\" data-name=\"your-email\"><input size=\"40\" maxlength=\"400\" class=\"wpcf7-form-control wpcf7-email wpcf7-validates-as-required wpcf7-text wpcf7-validates-as-email\" aria-required=\"true\" aria-invalid=\"false\" placeholder=\"unesite ispravan e-mail\" value=\"\" type=\"email\" name=\"your-email\" \/><\/span>\n<\/p>\n<p>Broj telefona\n<\/p>\n<p><span class=\"wpcf7-form-control-wrap\" data-name=\"tel-701\"><input size=\"40\" maxlength=\"400\" class=\"wpcf7-form-control wpcf7-tel wpcf7-text wpcf7-validates-as-tel\" aria-invalid=\"false\" placeholder=\"broj na koji vas mo\u017eemo pozvati\" value=\"\" type=\"tel\" name=\"tel-701\" \/><\/span>\n<\/p>\n<p>Tema (obavezno)\n<\/p>\n<p><span class=\"wpcf7-form-control-wrap\" data-name=\"your-subject\"><input size=\"40\" maxlength=\"400\" class=\"wpcf7-form-control wpcf7-text wpcf7-validates-as-required\" aria-required=\"true\" aria-invalid=\"false\" placeholder=\"unesite temu poruke\" value=\"\" type=\"text\" name=\"your-subject\" \/><\/span>\n<\/p>\n<p>Poruka\n<\/p>\n<p><span class=\"wpcf7-form-control-wrap\" data-name=\"your-message\"><textarea cols=\"40\" rows=\"10\" maxlength=\"2000\" class=\"wpcf7-form-control wpcf7-textarea\" aria-invalid=\"false\" placeholder=\"unesite tekst poruke\" name=\"your-message\"><\/textarea><\/span>\n<\/p>\n<div class=\"wpcf7-response-output\" aria-hidden=\"true\"><\/div>\n<p><input class=\"wpcf7-form-control wpcf7-submit has-spinner\" type=\"submit\" value=\"Po\u0161alji\" \/>\n<\/p><p style=\"display: none !important;\" class=\"akismet-fields-container\" data-prefix=\"_wpcf7_ak_\"><label>&#916;<textarea name=\"_wpcf7_ak_hp_textarea\" cols=\"45\" rows=\"8\" maxlength=\"100\"><\/textarea><\/label><input type=\"hidden\" id=\"ak_js_1\" name=\"_wpcf7_ak_js\" value=\"11\"\/><script>document.getElementById( \"ak_js_1\" ).setAttribute( \"value\", ( new Date() ).getTime() );<\/script><\/p>\n<\/form>\n<\/div>\n\n","protected":false},"excerpt":{"rendered":"<p>Kombi prevoz robe i stvari, selidbe: 064.199.50.03&nbsp;kontakt osoba Dejan Stojiljkovi\u0107 Kamionski prevoz robe: 064.199.50.03&nbsp;kontakt osoba Dejan Stojiljkovi\u0107 Kombi prevoz putnika: 065.891.36.06 kontakt osoba Dejan Nakardi\u0107 ili po\u0161aljite poruku:<\/p>\n","protected":false},"author":1,"featured_media":0,"parent":0,"menu_order":0,"comment_status":"closed","ping_status":"closed","template":"","meta":{"footnotes":""},"class_list":["post-189","page","type-page","status-publish","hentry"],"_links":{"self":[{"href":"https:\/\/www.kombi011.com\/blog\/wp-json\/wp\/v2\/pages\/189","targetHints":{"allow":["GET"]}}],"collection":[{"href":"https:\/\/www.kombi011.com\/blog\/wp-json\/wp\/v2\/pages"}],"about":[{"href":"https:\/\/www.kombi011.com\/blog\/wp-json\/wp\/v2\/types\/page"}],"author":[{"embeddable":true,"href":"https:\/\/www.kombi011.com\/blog\/wp-json\/wp\/v2\/users\/1"}],"replies":[{"embeddable":true,"href":"https:\/\/www.kombi011.com\/blog\/wp-json\/wp\/v2\/comments?post=189"}],"version-history":[{"count":38,"href":"https:\/\/www.kombi011.com\/blog\/wp-json\/wp\/v2\/pages\/189\/revisions"}],"predecessor-version":[{"id":3387,"href":"https:\/\/www.kombi011.com\/blog\/wp-json\/wp\/v2\/pages\/189\/revisions\/3387"}],"wp:attachment":[{"href":"https:\/\/www.kombi011.com\/blog\/wp-json\/wp\/v2\/media?parent=189"}],"curies":[{"name":"wp","href":"https:\/\/api.w.org\/{rel}","templated":true}]}}